{"id":2,"date":"2023-10-26T12:53:17","date_gmt":"2023-10-26T10:53:17","guid":{"rendered":"http:\/\/warondrugs.bplaced.net\/?page_id=2"},"modified":"2024-02-07T15:17:45","modified_gmt":"2024-02-07T14:17:45","slug":"beispiel-seite","status":"publish","type":"page","link":"https:\/\/www.warondrugs.at\/","title":{"rendered":"Willkommen bei War on Drugs v2.0"},"content":{"rendered":"\n<p>Es ist nun soweit. Nachdem das erste Event ein voller Erfolg war, haben wir uns entschieden die v2.0 zu starten.<\/p>\n\n\n\n<p>Ein herzliches Willkommen, verehrte Freunde des Airsoft, zu einer Fortsetzung voller Intrigen, Action und \u00fcberraschenden Wendungen &#8211; dem zweiten Teil des epischen Events &#8222;War on Drugs&#8220;! Nach den schockierenden Ereignissen im ersten Teil, bei denen der angesehene Polizeipr\u00e4sident MC Hammergeil und sein Widersacher Pablo Escobillo ihr tragisches Ende fanden, haben die beiden Fraktionen &#8222;Das Kartell&#8220; und die &#8222;Law Enforcement Officers&#8220; jeweils neue F\u00fchrungspers\u00f6nlichkeiten gefunden.<\/p>\n\n\n\n<div class=\"wp-block-media-text is-stacked-on-mobile is-vertically-aligned-center\" style=\"grid-template-columns:20% auto\"><figure class=\"wp-block-media-text__media\"><img loading=\"lazy\" decoding=\"async\" width=\"629\" height=\"919\" src=\"https:\/\/www.warondrugs.at\/wp-content\/uploads\/2024\/02\/b3b79cf4-adbe-4918-9071-b0e3532368bf-e1707315178518.jpg\" alt=\"\" class=\"wp-image-608 size-full\" srcset=\"https:\/\/www.warondrugs.at\/wp-content\/uploads\/2024\/02\/b3b79cf4-adbe-4918-9071-b0e3532368bf-e1707315178518.jpg 629w, https:\/\/www.warondrugs.at\/wp-content\/uploads\/2024\/02\/b3b79cf4-adbe-4918-9071-b0e3532368bf-e1707315178518-205x300.jpg 205w\" sizes=\"auto, (max-width: 629px) 100vw, 629px\" \/><\/figure><div class=\"wp-block-media-text__content\">\n<p><br>Auf der einen Seite steht nun &#8222;Queen Unicorn&#8220;, die die Verantwortung als Nachfolgerin von MC Hammergeil \u00fcbernommen hat und fest entschlossen ist, das Erbe ihres Vorg\u00e4ngers fortzuf\u00fchren. Auf der anderen Seite steht &#8222;El Patr\u00f3n del Cuchar\u00f3n&#8220;, der Pablo Escobillos Position einnimmt und mit neuen Strategien und Ressourcen das Kartell zu neuer St\u00e4rke f\u00fchren m\u00f6chte.<\/p>\n<\/div><\/div>\n\n\n\n<div class=\"wp-block-media-text has-media-on-the-right is-stacked-on-mobile\" style=\"grid-template-columns:auto 18%\"><div class=\"wp-block-media-text__content\">\n<p>Doch das ist nicht alles! In dieser spannungsgeladenen Fortsetzung betreten zwei neue Teams die B\u00fchne, um sich in den blutigen Kampf um die Kontrolle \u00fcber den Drogenhandel einzumischen. Die Russische Mafia und die Yakuza bringen ihre einzigartigen F\u00e4higkeiten und ihre eiskalte Entschlossenheit mit, um das Machtgef\u00fcge noch weiter zu verkomplizieren.<\/p>\n<\/div><figure class=\"wp-block-media-text__media\"><img loading=\"lazy\" decoding=\"async\" width=\"518\" height=\"921\" src=\"https:\/\/www.warondrugs.at\/wp-content\/uploads\/2024\/02\/2ae19419-def9-4789-a5c3-e95e6b5f5a08-e1707315392545.jpg\" alt=\"\" class=\"wp-image-612 size-full\" srcset=\"https:\/\/www.warondrugs.at\/wp-content\/uploads\/2024\/02\/2ae19419-def9-4789-a5c3-e95e6b5f5a08-e1707315392545.jpg 518w, https:\/\/www.warondrugs.at\/wp-content\/uploads\/2024\/02\/2ae19419-def9-4789-a5c3-e95e6b5f5a08-e1707315392545-169x300.jpg 169w\" sizes=\"auto, (max-width: 518px) 100vw, 518px\" \/><\/figure><\/div>\n\n\n\n<p><\/p>\n\n\n\n<p>Bereitet euch vor auf ein Event voller unerwarteter Allianzen, knallharter Konfrontationen und strategischer Man\u00f6ver, die das Schicksal der Unterwelt entscheiden werden. Taucht ein in die d\u00fcstere Welt des &#8222;War on Drugs v2.0&#8220; und erlebt, wie sich die Karten in diesem t\u00f6dlichen Spiel neu mischen. Seid Zeuge, wie die Grenzen zwischen Gut und B\u00f6se verschwimmen und jeder Teilnehmer alles riskiert, um an die Spitze zu gelangen.<\/p>\n\n\n\n<p>M\u00f6ge die Schlacht beginnen, und m\u00f6ge das st\u00e4rkste Team triumphieren!<\/p>\n\n\n\n<p><\/p>\n","protected":false},"excerpt":{"rendered":"<p>Es ist nun soweit. Nachdem das erste Event ein voller Erfolg war, haben wir uns entschieden die v2.0 zu starten. Ein herzliches Willkommen, verehrte Freunde des Airsoft, zu einer Fortsetzung [&hellip;]<\/p>\n","protected":false},"author":1,"featured_media":0,"parent":0,"menu_order":0,"comment_status":"closed","ping_status":"open","template":"","meta":{"footnotes":""},"class_list":["post-2","page","type-page","status-publish","hentry"],"_links":{"self":[{"href":"https:\/\/www.warondrugs.at\/index.php?rest_route=\/wp\/v2\/pages\/2","targetHints":{"allow":["GET"]}}],"collection":[{"href":"https:\/\/www.warondrugs.at\/index.php?rest_route=\/wp\/v2\/pages"}],"about":[{"href":"https:\/\/www.warondrugs.at\/index.php?rest_route=\/wp\/v2\/types\/page"}],"author":[{"embeddable":true,"href":"https:\/\/www.warondrugs.at\/index.php?rest_route=\/wp\/v2\/users\/1"}],"replies":[{"embeddable":true,"href":"https:\/\/www.warondrugs.at\/index.php?rest_route=%2Fwp%2Fv2%2Fcomments&post=2"}],"version-history":[{"count":34,"href":"https:\/\/www.warondrugs.at\/index.php?rest_route=\/wp\/v2\/pages\/2\/revisions"}],"predecessor-version":[{"id":616,"href":"https:\/\/www.warondrugs.at\/index.php?rest_route=\/wp\/v2\/pages\/2\/revisions\/616"}],"wp:attachment":[{"href":"https:\/\/www.warondrugs.at\/index.php?rest_route=%2Fwp%2Fv2%2Fmedia&parent=2"}],"curies":[{"name":"wp","href":"https:\/\/api.w.org\/{rel}","templated":true}]}}